1
Let g(o) = 12*o**2 - 40*o + 117. What are the prime factors of g(-49)?
17, 23, 79
Let d = -11093 + 53222. What are the prime factors of d?
3, 31, 151
What are the prime factors of (-42)/28 + 1 - 11699/(-2)?
5849
Let j(f) = -5*f - 2*f**3 - 60*f**2 - 10 + 76*f**2 - f. Let u be j(6). Suppose -3*v + 72 = -2*k, 0*k - 2*k - u = -4*v. List the prime factors of v.
2, 13
Let l(x) = -2*x**2 - 14*x - 15. Let c be l(-5). Suppose a + 77 = 3*r, 3*r = -0*r + 5*a + 73. Suppose 6*j = c*j + r. What are the prime factors of j?
2, 13
Let v = -401 + 413. Suppose -2*y + 5659 = 5*c, 2*y + v = 16. What are the prime factors of c?
3, 13, 29
Let a be (7 - 186/24)*(3 + -11). What are the prime factors of a*(-6)/(36/3) + 1308?
3, 5, 29
Suppose 2*q - 6*q + 4 = 5*l, 3*l - 5*q = -5. Suppose l = x - 0*x + 4*s - 75, 0 = -s. Let v = 87 + x. What are the prime factors of v?
2, 3
Let g(w) = 11*w**2 + 17*w + 3. Let p(j) = j**3 + 7*j**2 - 17*j. Let q be p(-9). Let u be g(q). Suppose -u = -3*i - 150. List the prime factors of i.
197
Let v be (-14)/84 + 33825/18. Suppose 5*i = -4*a + v, 905 = -3*a - 3*i + 2318. What are the prime factors of a?
2, 7, 17
Let f(x) = x**2 - 4*x - 5. Let q be f(6). Suppose 6 - 3 = -3*c, q = 2*r - 3*c. Suppose 3*p + 102 = d, 0*p = -r*d + 4*p + 196. List the prime factors of d.
2, 3, 5
Suppose -4*q + 4*c = -34172, -15*c + 10*c = -2*q + 17092. Suppose q = 9*b - 153. List the prime factors of b.
2, 3, 7, 23
Let m = 19568 - 10413. What are the prime factors of m?
5, 1831
Suppose 0 = 26*z + 5*z - 31. What are the prime factors of 862 + 0 + (-8 - (-5)/z)?
859
Let u = -40128 - -59569. List the prime factors of u.
19441
Let m = 630 - 596. Suppose -2655 = -39*b + m*b. List the prime factors of b.
3, 59
Suppose 3*p = -2*z - 5924, 5*z = -5*p - 12392 + 2517. List the prime factors of p/(-84)*(-40)/(-2).
2, 5, 47
Let u(g) = -6*g - 48. Let f be u(-8). Let s be (27/4 + f)/((-6)/(-208)). Let y = 360 - s. List the prime factors of y.
2, 3, 7
List the prime factors of 60/(-9)*(-176502)/115.
2, 1279
Let s = 7354 + -2382. List the prime factors of s.
2, 11, 113
What are the prime factors of (-28 + (3 - 19))/(2/331*-1)?
2, 11, 331
Let w be ((-98)/21)/((-2)/(-9)). List the prime factors of (-2)/(-7) + (-7869)/w.
3, 5
Suppose 0 = -10*y + 4*y + 390. Let n(t) = y*t - 17 + 9 - 9 - 8. What are the prime factors of n(3)?
2, 5, 17
What are the prime factors of (56/(-8) - -8493) + (-5 - 2)?
61, 139
Let z be (-9)/3*1 - -1. Let p be (0 - -2)*z/(-2). Suppose 0 = 5*j + 3*o - 213, -6*o + 4 = -p*o. List the prime factors of j.
2, 3, 7
Let x(v) = 12*v + 5 + 0*v**3 + v**3 + 0 - 9*v**2. Suppose -63*o = -89*o + 234. What are the prime factors of x(o)?
113
Let z = 1382 + -977. Let h = 595 - z. List the prime factors of h.
2, 5, 19
Let c(i) = i**3 + 11*i**2 - 37*i + 3. List the prime factors of c(13).
2, 1789
Let w(v) = -2*v**2 - 15*v - 6. Let l be w(9). Let n be (-8)/(-16) - l/(-2). Let k = -67 - n. List the prime factors of k.
2, 3, 7
Let d(k) = 677*k**2 + 2897*k - 20. What are the prime factors of d(9)?
2, 5, 8089
Let d(o) = 3580*o + 811. What are the prime factors of d(9)?
17, 29, 67
List the prime factors of (-145 - 3)*((-354)/24 - 6).
37, 83
Let m(u) = 32*u - 53. Let d(r) = -r - 1. Let o(g) = -4*d(g) + m(g). List the prime factors of o(7).
7, 29
List the prime factors of -14 - 495/(-36) - (-217491)/12.
2, 23, 197
Suppose -15056 = -2*h + 4*s + 22744, 18*h = -4*s + 339880. List the prime factors of h.
2, 4721
Let x = 16752 - 14788. What are the prime factors of x?
2, 491
Let y(o) = 734*o**2 + 3*o + 95. What are the prime factors of y(-4)?
11827
Let i(c) = c**3 + 24*c**2 + 77*c - 61. List the prime factors of i(-16).
5, 151
Let q = -30 + 34. Let u be 14625/52 - ((-3)/q + 1). Let p = u + -148. List the prime factors of p.
7, 19
Let r(s) = 13*s + 92. Let z(w) = 11*w + 93. Let t(g) = 3*r(g) - 2*z(g). List the prime factors of t(-5).
5
What are the prime factors of (1*-2)/((-45)/((-1709235)/(-22)))?
3, 1151
Let p(m) = 1288*m**2 - 230*m - 702. What are the prime factors of p(-3)?
2, 3, 5, 193
Suppose -8727848 = -146*q + 142*q - 432*q. List the prime factors of q.
2, 10009
Suppose 0 = -4*j + 5*c + 2, -1 = -j + 2*c - c. Suppose -3*q - j*i = 126, 2*i + 38 = -q - 0*i. Let l = q - -67. What are the prime factors of l?
3, 7
Suppose 0 = -5*l - x - 1744, -6*x + 3*x = 5*l + 1742. Let o = 613 + l. What are the prime factors of o?
2, 3, 11
Let o = 37265 - 13846. List the prime factors of o.
11, 2129
Suppose 7*x + 6 = 5*x. List the prime factors of -1*20*(-5 - x/6).
2, 3, 5
Suppose 2 = -4*v + 14. Suppose -d = 5*h + 11 + 19, -v*h - 2*d - 25 = 0. Let x(w) = -4*w + 6. List the prime factors of x(h).
2, 13
Let c be ((-7312)/(-10))/((-54)/(-135)). Let b = 2614 - c. List the prime factors of b.
2, 3, 131
Let j = 44425 - 30926. List the prime factors of j.
13499
Suppose q - 4*v = -15, -2*q - q + 2*v - 15 = 0. List the prime factors of (0 - 140/25)/(q/180).
2, 3, 7
Let q(v) = -v**3 + v**2 + 12*v - 1. Let i be -5*1 - (-14)/(-14). List the prime factors of q(i).
179
Let q(b) = 3 - 6 - 242*b + 289*b. Let o be (-308)/(-196) + 8/(-14). What are the prime factors of q(o)?
2, 11
Let v(i) = 5138*i - 149. What are the prime factors of v(1)?
3, 1663
Let h = 37 + -25. Suppose 9*c = 6*c + h. Suppose 1042 = 4*k + k + c*d, -d - 1052 = -5*k. List the prime factors of k.
2, 3, 5, 7
Let o = -104 + 107. Suppose 0 = -q + 5*j + 1101, q + q + o*j - 2150 = 0. List the prime factors of q.
23, 47
Suppose -10*d + n + 108206 = -3*d, 61822 = 4*d - 2*n. What are the prime factors of d?
3, 5153
Let b be 7 - ((-8)/4 - -7). What are the prime factors of -1 - -108*(b - -1)?
17, 19
Let g(o) = -394*o + 930. What are the prime factors of g(-52)?
2, 10709
Let j = -97 - -93. Let r(x) = -8*x - 27. Let f be r(j). Suppose -5 = -5*p, -67 = -o + f*p + 89. List the prime factors of o.
7, 23
Let n be (1 + -1 - -1) + (7 - -5). Suppose -11*b = -n*b + 1264. Suppose 13*j - b = -99. List the prime factors of j.
41
Let d = 63 - 33. Suppose -w + 15 = v, 0*w - 2*w - 5*v + d = 0. Suppose 5*l = 20 + w. List the prime factors of l.
7
Suppose 19*b + 200*b + 15773 = 983534. List the prime factors of b.
3, 491
Let i = 66 + -65. Let t be ((-72)/5)/(6/(-20)). Suppose -5*o + 69 = -f + i, 3*f - t = -3*o. List the prime factors of o.
2, 7
Let g = -1595 - -2435. Let r = 1286 - g. List the prime factors of r.
2, 223
Let a be ((-72)/27 + 2)/((-4)/(-114)). List the prime factors of 2/((3/513)/(a/(-6))).
3, 19
Let w = -755 - -1205. Suppose 4*k - w = 106. Let j = -39 + k. List the prime factors of j.
2, 5
Let j = 35 + -35. Let m be (j - 3) + (-93 - -6). Let c = m + 166. What are the prime factors of c?
2, 19
Suppose 0 = -10*o + 16*o + 216. Let v = o - -40. Suppose 0*x + x - 30 = 3*k, -v*k - 62 = -2*x. What are the prime factors of x?
3, 11
Let x be (-32)/8*9/(-12). Suppose -2*j = -x*k + 918, 0 = -5*k + 3*j + j + 1532. List the prime factors of k.
2, 19
Suppose 2*o + 3*t = 44743, 6*t + 111880 = 5*o + 9*t. What are the prime factors of o?
7, 23, 139
Suppose 29928 = t + 2*t - 3*u, 0 = -3*u + 15. List the prime factors of t.
3, 1109
Let x(i) = 7*i**2 + 14*i + 23. Let n be ((-28)/12 + 5)/(2/9). Suppose -36 = -6*m + n*m. What are the prime factors of x(m)?
191
Suppose -321*f - 240*f + 23024001 = 0. What are the prime factors of f?
7, 11, 13, 41
Let u be (-4)/(-18) - 25/(-9). Let p be ((0/2)/u - -68) + 2. Suppose -6*j + p = -4*j. What are the prime factors of j?
5, 7
Let y be 203*(72/(-14))/(-3). Let m = -157 + y. List the prime factors of m.
191
Let n = 5924 - -24592. What are the prime factors of n?
2, 3, 2543
Suppose -2*t = -n + 6615, 2245 = 2*n - 3*t - 10983. What are the prime factors of n?
11, 601
Let u(f) = f**2 + 4*f + 5. Let q be u(-1). Suppose 1271 = 2*d + 4*h - 991, q*d = 2*h + 2256. List the prime factors of d.
1129
Let r(x) = x + 15. Let z(p) = -6*p**2 + 3*p - 3. Let y be z(2). Let n = -29 - y. What are the prime factors of r(n)?
7
Let s = 90668 + -46807. List the prime factors of s.
23, 1907
Let h(v) = -v**2 - 16*v - 48. Let s(o) = -9*o**2 - 14*o - 13. Let c be s(-1). What are the prime factors of h(c)?
2
Let v(q) be the first derivative of -43*q**4/2 + 4*q**3/3 + 5*q**2/2 + 2*q - 22. What are the prime factors of v(-2)?
2, 3, 29
Let f be ((-352)/55 - -6)*5. Let r(u) = 95